{"id":438,"date":"2018-03-02T11:56:29","date_gmt":"2018-03-02T08:56:29","guid":{"rendered":"http:\/\/www.harunelektronik.com\/?page_id=438"},"modified":"2018-03-02T11:56:29","modified_gmt":"2018-03-02T08:56:29","slug":"telefon-santral-sistemleri","status":"publish","type":"page","link":"http:\/\/www.haruntelekom.com\/?page_id=438","title":{"rendered":"Telefon Santral Sistemleri"},"content":{"rendered":"<p><span style=\"color: #ffffff;\">Telesis A.\u015e. 1983 y\u0131l\u0131nda kurulmu\u015ftur. \u00dclkemizde, ilk<\/span><br \/>\n<span style=\"color: #ffffff;\">Elektronik, Say\u0131sal, ISDN ve IP santralar herhangi bir<\/span><br \/>\n<span style=\"color: #ffffff;\">lisans olmadan Telesis taraf\u0131ndan tasarlanarak geli\u015ftirilmi\u015f<\/span><br \/>\n<span style=\"color: #ffffff;\">ve \u00fcretilmi\u015ftir. Telesis, \u00f6d\u00fcns\u00fcz kalite anlay\u0131\u015f\u0131, etik kurallar\u0131,<\/span><br \/>\n<span style=\"color: #ffffff;\">\u00e7evre yakla\u015f\u0131m\u0131, geni\u015f ve e\u011fitimli servis a\u011f\u0131, konusunda<\/span><br \/>\n<span style=\"color: #ffffff;\">uzman personelleri ve y\u00fcksek performansl\u0131 \u00fcr\u00fcnleri ile<\/span><br \/>\n<span style=\"color: #ffffff;\">sekt\u00f6r\u00fcnde \u00f6nc\u00fcd\u00fcr.<\/span><\/p>\n<p><span style=\"color: #ffffff;\">Telesis, \u00fcr\u00fcn a\u011fac\u0131ndaki;<\/span><\/p>\n<ul>\n<li><span style=\"color: #ffffff;\">IP-Say\u0131sal Hibrit Telefon Santrallar\u0131,<\/span><\/li>\n<li><span style=\"color: #ffffff;\">Pure IP Telefon Santrallar\u0131,<\/span><\/li>\n<li><span style=\"color: #ffffff;\">Sinyal \u00c7eviriciler,<\/span><\/li>\n<li><span style=\"color: #ffffff;\">Entegre Dect Sistemler,<\/span><\/li>\n<li><span style=\"color: #ffffff;\">Say\u0131sal Setler,<\/span><\/li>\n<li><span style=\"color: #ffffff;\">IP Setler,<\/span><\/li>\n<li><span style=\"color: #ffffff;\">G\u00f6r\u00fcnt\u00fcl\u00fc IP Setler,<\/span><\/li>\n<li><span style=\"color: #ffffff;\">CTI uygulamalar\u0131,<\/span><\/li>\n<li><span style=\"color: #ffffff;\">IP Softphone,<\/span><\/li>\n<li><span style=\"color: #ffffff;\">Telefon makineleri,<\/span><\/li>\n<\/ul>\n<p><span style=\"color: #ffffff;\">ile yurti\u00e7i ve yurtd\u0131\u015f\u0131nda 150\u2019nin \u00fcst\u00fcnde yetkili sat\u0131\u015f ve<\/span><br \/>\n<span style=\"color: #ffffff;\">servis noktalar\u0131 arac\u0131l\u0131\u011f\u0131yla sizlerle bulu\u015fuyor.<\/span><br \/>\n<span style=\"color: #ffffff;\">40\u2019\u0131n \u00fczerinde \u00fclkede de kurulu Telesis santrallar\u0131, kalite<\/span><br \/>\n<span style=\"color: #ffffff;\">g\u00fcvencesiyle ISO 9001:2008 standartlar\u0131na uygun olarak<\/span><br \/>\n<span style=\"color: #ffffff;\">kullan\u0131c\u0131lar\u0131na hizmet vermektedir. Kurulu\u015fundan bu yana<\/span><br \/>\n<span style=\"color: #ffffff;\">\u00fcretilen hat toplam\u0131 3 milyonun \u00fcst\u00fcndedir.<\/span><\/p>\n","protected":false},"excerpt":{"rendered":"<p>Telesis A.\u015e. 1983 y\u0131l\u0131nda kurulmu\u015ftur. \u00dclkemizde, ilk Elektronik, Say\u0131sal, ISDN ve IP santralar herhangi bir lisans olmadan Telesis taraf\u0131ndan tasarlanarak geli\u015ftirilmi\u015f ve \u00fcretilmi\u015ftir. Telesis, \u00f6d\u00fcns\u00fcz kalite anlay\u0131\u015f\u0131, etik kurallar\u0131, \u00e7evre&hellip;<\/p>\n","protected":false},"author":1,"featured_media":0,"parent":30,"menu_order":1,"comment_status":"closed","ping_status":"closed","template":"","meta":{"om_disable_all_campaigns":false,"_mi_skip_tracking":false,"_monsterinsights_sitenote_active":false,"_monsterinsights_sitenote_note":"","_monsterinsights_sitenote_category":0},"aioseo_notices":[],"_links":{"self":[{"href":"http:\/\/www.haruntelekom.com\/index.php?rest_route=\/wp\/v2\/pages\/438"}],"collection":[{"href":"http:\/\/www.haruntelekom.com\/index.php?rest_route=\/wp\/v2\/pages"}],"about":[{"href":"http:\/\/www.haruntelekom.com\/index.php?rest_route=\/wp\/v2\/types\/page"}],"author":[{"embeddable":true,"href":"http:\/\/www.haruntelekom.com\/index.php?rest_route=\/wp\/v2\/users\/1"}],"replies":[{"embeddable":true,"href":"http:\/\/www.haruntelekom.com\/index.php?rest_route=%2Fwp%2Fv2%2Fcomments&post=438"}],"version-history":[{"count":1,"href":"http:\/\/www.haruntelekom.com\/index.php?rest_route=\/wp\/v2\/pages\/438\/revisions"}],"predecessor-version":[{"id":439,"href":"http:\/\/www.haruntelekom.com\/index.php?rest_route=\/wp\/v2\/pages\/438\/revisions\/439"}],"up":[{"embeddable":true,"href":"http:\/\/www.haruntelekom.com\/index.php?rest_route=\/wp\/v2\/pages\/30"}],"wp:attachment":[{"href":"http:\/\/www.haruntelekom.com\/index.php?rest_route=%2Fwp%2Fv2%2Fmedia&parent=438"}],"curies":[{"name":"wp","href":"https:\/\/api.w.org\/{rel}","templated":true}]}}