{"id":60,"date":"2018-03-02T02:06:22","date_gmt":"2018-03-01T23:06:22","guid":{"rendered":"http:\/\/www.harunelektronik.com\/?page_id=60"},"modified":"2018-03-02T03:43:49","modified_gmt":"2018-03-02T00:43:49","slug":"dijital-uydu-anten-sistemleri","status":"publish","type":"page","link":"http:\/\/www.haruntelekom.com\/?page_id=60","title":{"rendered":"Dijital Uydu Anten Sistemleri"},"content":{"rendered":"<ul style=\"font-weight: 400;\">\n<li><span style=\"color: #ffffff;\">Karayollar\u0131 15. B\u00f6lge M\u00fcd\u00fcrl\u00fc\u011f\u00fc<\/span><\/li>\n<li><span style=\"color: #ffffff;\">Karayollar\u0131 15. B\u00f6lge M\u00fcd\u00fcrl\u00fc\u011f\u00fc Misafirhanesi<\/span><\/li>\n<li><span style=\"color: #ffffff;\">Kastamonu \u0130l Milli E\u011f. Md. Kuzeykent Anadolu Lisesi Md.<\/span><\/li>\n<li><span style=\"color: #ffffff;\">Kastamonu Af\u015finbey Aparman\u0131 Merkezi Sistem.<\/span><\/li>\n<li><span style=\"color: #ffffff;\">Kastamonu Ye\u015fil\u00e7am Apartman\u0131 Merkezi Sistemi.<\/span><\/li>\n<li><span style=\"color: #ffffff;\">Kastamonu Topcuo\u011flu Hukuk B\u00fcrosu<\/span><\/li>\n<li><span style=\"color: #ffffff;\">Kastamonu Ilgaz Hukuk B\u00fcrosu.<\/span><\/li>\n<\/ul>\n","protected":false},"excerpt":{"rendered":"<p>Karayollar\u0131 15. B\u00f6lge M\u00fcd\u00fcrl\u00fc\u011f\u00fc Karayollar\u0131 15. B\u00f6lge M\u00fcd\u00fcrl\u00fc\u011f\u00fc Misafirhanesi Kastamonu \u0130l Milli E\u011f. Md. Kuzeykent Anadolu Lisesi Md. Kastamonu Af\u015finbey Aparman\u0131 Merkezi Sistem. Kastamonu Ye\u015fil\u00e7am Apartman\u0131 Merkezi Sistemi. Kastamonu Topcuo\u011flu&hellip;<\/p>\n","protected":false},"author":1,"featured_media":0,"parent":20,"menu_order":11,"comment_status":"closed","ping_status":"closed","template":"","meta":{"om_disable_all_campaigns":false,"_mi_skip_tracking":false,"_monsterinsights_sitenote_active":false,"_monsterinsights_sitenote_note":"","_monsterinsights_sitenote_category":0},"aioseo_notices":[],"_links":{"self":[{"href":"http:\/\/www.haruntelekom.com\/index.php?rest_route=\/wp\/v2\/pages\/60"}],"collection":[{"href":"http:\/\/www.haruntelekom.com\/index.php?rest_route=\/wp\/v2\/pages"}],"about":[{"href":"http:\/\/www.haruntelekom.com\/index.php?rest_route=\/wp\/v2\/types\/page"}],"author":[{"embeddable":true,"href":"http:\/\/www.haruntelekom.com\/index.php?rest_route=\/wp\/v2\/users\/1"}],"replies":[{"embeddable":true,"href":"http:\/\/www.haruntelekom.com\/index.php?rest_route=%2Fwp%2Fv2%2Fcomments&post=60"}],"version-history":[{"count":3,"href":"http:\/\/www.haruntelekom.com\/index.php?rest_route=\/wp\/v2\/pages\/60\/revisions"}],"predecessor-version":[{"id":113,"href":"http:\/\/www.haruntelekom.com\/index.php?rest_route=\/wp\/v2\/pages\/60\/revisions\/113"}],"up":[{"embeddable":true,"href":"http:\/\/www.haruntelekom.com\/index.php?rest_route=\/wp\/v2\/pages\/20"}],"wp:attachment":[{"href":"http:\/\/www.haruntelekom.com\/index.php?rest_route=%2Fwp%2Fv2%2Fmedia&parent=60"}],"curies":[{"name":"wp","href":"https:\/\/api.w.org\/{rel}","templated":true}]}}